7) + -46.
-34
What is the value of 12 + -1 - (0 - 4 - (188 + -268) - -17)?
-82
Evaluate -32 + -84 + 82 + -26.
-60
What is -15 - (8 + 13) - -33 - -48?
45
Evaluate 10 - (59 + -49) - (0 + (-13 - -2)).
11
Evaluate -60 + 57 - (25 + -4 - 8).
-16
Evaluate -1 - 0 - (24 - -44) - (-405 + 398).
-62
Evaluate -60 - (-5 + -28 - -14).
-41
What is the value of (-45 - (-90 + 53)) + -29?
-37
-62 - (-126 - (-17 + 70))
117
Calculate 64 + (3 - -29) + -145.
-49
0 + 14 + 20 + (-54 - -6) + -39 + -27
-80
Evaluate -95 + (55 - -92) - (-2 + 3 + -10).
61
Calculate -2 + -41 + (-40 - (-29 - 31)).
-23
94 - (-63 + 113 - -18)
26
What is -107 + 82 + 50 - (1 + 82)?
-58
(76 - 1) + 115 + -19 + -71
100
What is the value of 0 + -3 + 2 - -18 - (-2308 - -2314)?
11
What is -81 - -27 - (-4 + 1 - (12 + -12))?
-51
-23 + (-2 - 19) + -36
-80
What is (1777 - 1827) + (31 - 3)?
-22
What is the value of 1 + 22 + (60 - (-81 + 141))?
23
Evaluate -22 + -4 + -18 - ((0 - 3) + -1 + -2).
-38
100 + (-60 - (124 - 66))
-18
What is (18 - -41 - 46) + -60?
-47
Evaluate -22 - (24 + -21 + 22 + 3).
-50
Calculate (27 - (-16 - -37)) + -15 - -17.
8
What is 9 + -4 - (4 - 65) - ((-7 - -14) + 2)?
57
What is the value of -15 + -92 + 98 + (2 - -18)?
11
Evaluate -7 + 50 + (-68 + 14 - -43).
32
(-1 + -26 - -18) + 7 - -33
31
(-97 - 7) + (-40 - 5) + 23 + 17
-109
-7 + 2 + -4 + -19 + (27 - 5)
-6
What is -100 + (-49 - (-121 + -21))?
-7
What is the value of -20 + (-14 - -9) + 36?
11
What is the value of (-4 - 4) + ((3 - -9 - 26) + 102 - 13)?
67
(-2 + 1 - 104) + (-7 + -10 - (48 + -67))
-103
What is the value of (-89 - (-66 - 42)) + 45?
64
Calculate 1 + 1 - (3 - (10 - -11 - 6)).
14
What is the value of -124 + (-107 - -190) + 183?
142
-216 + 159 + (-4 + 3 - (5 + -32))
-31
Calculate 16 - -11 - (10 + -4) - -3.
24
-4 + 23 - (-87 - (-47 - 12))
47
What is (23 - -1) + (11 - 1 - (-1190 + 1209))?
15
Evaluate -26 + -22 + 52 + -5 + (2 - -3) + -3.
1
Evaluate 123 + (8 - 5) + 10 + -39 + 39 + -2.
134
What is 5 + -20 + 15 + (-8 - -4 - -14)?
10
What is -27 + -17 + -20 + 33 - -5?
-26
(63 - 5) + -7 - ((7 - 4) + -17)
65
Calculate 93 + -40 + (-8 - -4) + 4 + -11.
42
Calculate (138 + -143 - -59) + -181.
-127
What is (-10 - (-8 - 5)) + (-21 + -35 - 6)?
-59
What is the value of 0 + -27 - (0 - ((0 - 1) + 11))?
-17
(4 - 18) + (1 - -1) - (-52 + -171 + 248)
-37
What is (-36 - (-30 + 1)) + (-3 - -6) + (-15 - -2)?
-17
Evaluate (82 - -14) + -39 + 35.
92
Calculate (-31 - ((-10 - -1) + 18 + -2)) + 0 - 9.
-47
Evaluate -15 - (44 - 44) - -6.
-9
What is 128 + -5 + -14 - (-6 + (7 - -21))?
87
What is 28 + 2 + (7 - 41)?
-4
What is -5 + (-7 + -17 - 2) - -53?
22
What is 17 + -18 - (1 - 24) - (169 + -171)?
24
79 + 2 + -1 + 9 + -8 + (-74 - -76)
83
What is the value of -36 - (-82 + -26 + 6 - 4)?
70
Calculate -41 + 7 - (-6 - -14).
-42
What is the value of (-29 - (2 - (9 - 53))) + 20?
-55
Evaluate 8 - (-12 + -46) - 61 - (73 - (0 + 0)).
-68
4 - (1 + -6 - (3 + -17)) - (8 + -1)
-12
What is the value of -9 - (-4 + 0 + 5 + 22 + -40)?
8
What is -5 + 11 - -1 - 6 - (6 + -34 + 6)?
23
Evaluate 58 + (3 - (67 - 38)).
32
17 - (-80 - (16 - (16 - -40)))
57
What is (0 - 5) + -96 + 101 - (-11 + 8)?
3
Evaluate 1 + -23 - -4 - 0 - (-17 + 25).
-26
Calculate -6 + 0 - ((0 + -2 - -72) + (-148 - -149)).
-77
Calculate 8 + (-12 + -19 - 9) + (-1 - -9) - 5.
-29
Calculate 1 - -18 - (9 + -73 + 76).
7
What is 58 - ((26 - (32 + -9)) + (9 - 0))?
46
24 + 8 + 6 + 5
43
Calculate -78 + (0 - -2) + (-157 - 87 - -234).
-86
What is -1 + (14 + (-9 - 2) - -36)?
38
-51 - (63 + -6 + -86)
-22
What is the value of (-15 - 20) + 57 + 8?
30
What is the value of 3 - ((3 - 14) + 111 + -38 + -11)?
-48
What is the value of (-90 - -32) + 5 + (1 + -5 + 8 - 7)?
-56
What is (-2 - -1) + 1 - (111 + -86)?
-25
Calculate -18 - (102 + -52) - -39.
-29
-2 + 13 + -6 + -6 - (667 + -677)
9
What is the value of (-6 - -16 - -44) + -39 - -57?
72
-4 + (-5 - -6 - -7) + -8 - (-5 + -39)
40
What is -107 - (-99 + -33 - -83)?
-58
What is 15 + (17 - (85 + -71 + (1 - 6)))?
23
(10 - -1) + (49 + -13 - -12 - (6 + -4))
57
141 + (66 + 23 - 235)
-5
What is the value of 3 + (4 - (2 + 0 + 2) - 51) - 11?
-59
(97 - 48) + -80 - -71
40
Calculate 11 - 28 - (7 + 7 + -13).
-18
-1 + 12 + (-24 - -28) + 58 + -76
-3
What is -5 + (-58 - (19 - 63)) + 93?
74
Evaluate (-25 - -16) + -6 + 6 + (-4 + -2 - 15).
-30
What is the value of (49 - 58 - (1 - 1)) + -43 + -40?
-92
Calculate -30 + -1 - ((5 + -5 - -13) + (-132 - -112)).
-24
Evaluate -5 - ((-12 - (-4 + -9)) + 0 - 26).
20
Calculate (29 - 22 - -52) + -33.
26
What is the value of 9 + (27 - (15 - (10 + -21) - 13))?
23
Calculate (6 - 23) + -12 + 25 + 72.
68
What is the value of 55 + (-24 - -34) + -11 - -1?
55
Evaluate 35 + -1 + (-87 - -117 - -34).
98
What is the value of -28 - (29 - 50) - ((29 - 13) + 1)?
-24
Evaluate (27 + 168 - 90) + -225.
-120
Calculate -44 + -16 + -39 + 116 - -49.
66
Calculate (-19 - -1) + 5 + -3 - (-16496 - -16482).
-2
(5 + 14 + (13 - 25) - -14) + -8
13
What is (21 - 27) + -18 - -64 - (0 - (0 + -2))?
38
Calculate (7 - 15) + (-2 - 3 - -18) + -9.
-4
What is -138 - (24 + -4 + -53) - -1?
-104
Calculate -11 - (34 + (-29 - 32) + 17).
-1
Calculate 14 + (29 - (-5 - -25)) - -7.
30
What is the value of (10 - 6) + (4 - 3) + (-25 - 5)?
-25
What is 119 + -153 + -9 + 56?
13
-2 - 6 - (29 - (15 + 77) - 7)
62
Evaluate -60 - (64 - 146 - -11).
11
Calculate -49 - (-109 - -51 - 39).
48
49 - ((4 - 33) + 60 + 2)
16
(-1 - -9) + (5 - 11 - 1) - -48
49
Evaluate 25 + 16 + (-3 - 6) + 21 + -203.
-150
What is -9 + (-22 - 0) - -28?
-3
What is the value of 115 + -108 + 93 + (-4 - -3) - 5?
94
What is the value of (57 - 16 - -1) + (-8 - -19)?
53
Calculate -49 + (254 - 216) - (2 + (-108 - -2)).
93
What is -307777 + 307765 - (0 + -11 + 1 + 1 - 0)?
-3
Evaluate 107 + -12 + (3 - 22 - -19).
95
Evaluate 13 + 18 + -2 + (11 - 7) - -1.
34
What is the value of 5 + -4 - (-2 - (-4 + -48) - (17 - 5))?
-37
What is the value of 67 - 20 - (0 + -15 - (-308 + 308))?
62
What is the value of -27 - (-2 + 0 + 4 - 97)?
68
-31 + 31 - (-6 + (5 - (7 + -3)) - 99)
104
What is the value of -2019 + 2077 + 0 + -51?
7
What is -35 + (725 - 707) + (-6 + 4 - 26)?
-45
What is -11 - -1 - (17 + (18 - 101) - -34)?
22
What is the value of 54 + 50 + -116 + (-4 + 7 + 84 - -3)?
78
What is (-9 - -1) + 8 + 351 + -380 + 0 + 12?
-17
-160 + 41 + (42 - -9)
-68
Calculate -27 + (76 - (-18 + -1) - 0).
68
What is the value of (-5 - -32) + -11 - (-34 - (12 + -33))?
29
What is 99 - 46 - (8 + -3) - (-2 - -10)?
40
What is 43 - -2 - (112 + -78)?
11
Calculate -10 + 5 + (3 - -69) + -7 + -15.
45
-5 + (-7 - (30 - (3 - -4) - -4))
-39
What is -5 + -22 - 3 - (-13 + 15 - -1)?
-33
265 - 281 - (-11 + -81)
76
1103 + -1278 + 117 + 9
-49
What is the value of (36 - (209 + -91)) + 79?
-3
What is -5 + -134 + -11 - -53?
-97
Calculate 2637 - 2677 - (0 - (1 - 1)).
-40
Calculate -33 + (-7 - -49) + (18 - 2).
25
What is -3 + (68 - 3) - ((9 - 31) + 10 + 14)?
60
Evaluate (69 - 121) + 53 + -1 + 35.
35
What is the value of -3 - 7 - 2 - ((7 - (7 - 9)) + -6)?
-15
Calculate 52 + (-19 + -4 - 3) + 14.
40
Calculate (31 + -33 - -2) + 18.
18
What is -96 + (-76 - -12) + 63?
-97
12 + ((11 - -2) + 25 - 3)
47
What is the value of (91 - 10 - 84) + (4 - 52) + -4?
-55
Evaluate 139 - 180 - (-10 + -7 - -7).
-31
What is (5 - 2 - (-85 + 30 - -42)) + -32?
-16
(77 - 112) + -1 + -13 + 12
-37
What is 25 + 1 - (1579 - 1512)?
-41
Evaluate (0 - 2) + -2 + 6 + 11 + (-38 - 39).
-64
Calculate -87 - (-8 - -75 - 67).
-87
What is the value of (-60 - (-7 - 49) - (-1 + 10)) + -29?
-42
What is (-19 - -37) + (19 - 39 - -16)?
14
What is -32 + 30 + -23 - -38?
13
(-9 - -1) + (-30 + 16 + 27 - -5) + 46
56
Calculate 81 + -27 - (-18 - -66).
6
What is the value of 4 + -11 + -47 + 3 + -7 + 16?
-42
(9 - 14 - -3 - (-2 - 5)) + -38 - 5
-38
Calculate -24 - (-1180 + 1035 + (0 - -14)).
107
What is the value of 112 + (186 + -157 - (2 - (-25 - -4)))?
118
Evaluate -12 - (24 - 18) - -20 - (-41 - (7 - 7)).
43
Evaluate (-7 - 65) + 60 + (-3 - 16) + 0.
-31
Calculate (-34 - -56 - 30) + -21 + (-2 - -3) + -3.
-31
Evaluate 0 + 0 + 2 - ((6 - 8) + (92 - 88)).
0
Evaluate -9 + -3 + -14 + (-7 - (-11 - -3)).
-25
What is 91872 + -91869 - (-1 - 53 - -1)?
56
Calculate 6 + (-92 + 114 - (89 + 3) - 12).
-76
What is (7 + (-1 - 11) - 2) + (0 - -5) + -19?
-21
Calculate -20 + (-36 - -35 - -39) + 21.
39
(